ommon factor of 4250 and 510?
170
What is the highest common factor of 78 and 9386?
26
Calculate the greatest common divisor of 401 and 492829.
401
What is the greatest common divisor of 38313 and 946?
473
What is the highest common factor of 4 and 157478?
2
Calculate the greatest common factor of 62685 and 420.
105
Calculate the highest common factor of 46080 and 405.
45
What is the highest common factor of 55 and 79750?
55
What is the greatest common divisor of 62314 and 140?
14
What is the highest common factor of 4601 and 9589?
43
Calculate the greatest common divisor of 201134 and 790.
158
What is the highest common factor of 11 and 8305?
11
Calculate the greatest common factor of 192 and 975552.
192
Calculate the greatest common factor of 2337 and 193356.
123
Calculate the greatest common factor of 351900 and 680.
340
What is the highest common divisor of 144873 and 9?
9
What is the greatest common factor of 285 and 46911?
57
What is the greatest common factor of 37098 and 458?
458
Calculate the highest common divisor of 15623 and 323.
17
What is the highest common factor of 1419 and 3432?
33
Calculate the highest common divisor of 1520100 and 300.
300
Calculate the highest common divisor of 4232 and 104.
8
What is the highest common divisor of 28 and 707686?
14
Calculate the greatest common divisor of 82187 and 6608.
413
Calculate the greatest common divisor of 208 and 277.
1
Calculate the greatest common factor of 804825 and 294.
147
What is the greatest common divisor of 19721 and 20683?
481
Calculate the highest common divisor of 113035 and 4329.
481
Calculate the highest common divisor of 15759 and 85.
17
Calculate the highest common divisor of 6336 and 29898.
198
Calculate the highest common divisor of 393500 and 2500.
500
Calculate the highest common divisor of 23807 and 423514.
1253
What is the highest common divisor of 117856 and 381?
127
Calculate the greatest common factor of 62 and 5016358.
62
Calculate the greatest common divisor of 12695 and 295.
5
Calculate the highest common factor of 84092 and 8.
4
Calculate the greatest common factor of 215 and 3595.
5
What is the highest common divisor of 62 and 654658?
62
What is the highest common divisor of 7654 and 14749?
43
Calculate the greatest common divisor of 30388 and 71.
71
Calculate the greatest common factor of 145551 and 1827.
609
What is the highest common factor of 1046379 and 159?
159
Calculate the highest common divisor of 138 and 731998.
46
Calculate the greatest common divisor of 4834830 and 539.
539
Calculate the greatest common factor of 2052 and 135774.
342
What is the highest common factor of 11594 and 352?
22
Calculate the highest common divisor of 17256 and 3396.
12
What is the greatest common divisor of 2758349 and 341?
341
What is the greatest common factor of 587118 and 98?
98
Calculate the greatest common factor of 2716 and 10185.
679
What is the greatest common divisor of 24649 and 1256?
157
Calculate the highest common divisor of 151454 and 328.
82
What is the highest common factor of 29367 and 5020?
251
Calculate the highest common factor of 11 and 3900457.
11
Calculate the greatest common divisor of 404 and 2777298.
202
Calculate the highest common factor of 2565 and 9045.
135
What is the greatest common divisor of 1316 and 4747?
47
Calculate the highest common factor of 327273 and 118.
59
Calculate the greatest common divisor of 239009 and 354.
59
Calculate the greatest common factor of 153 and 2569482.
153
What is the highest common factor of 41219 and 3431?
47
What is the greatest common factor of 241245 and 2250?
45
What is the highest common factor of 14 and 1657922?
14
What is the highest common divisor of 2115740 and 118?
118
What is the highest common factor of 347681 and 44080?
551
What is the highest common divisor of 10045 and 451?
41
Calculate the highest common factor of 1590 and 85542.
318
Calculate the highest common factor of 112 and 1431552.
16
What is the greatest common divisor of 124 and 226145?
31
Calculate the greatest common divisor of 9160 and 10220.
20
What is the highest common factor of 18 and 224001?
9
What is the greatest common factor of 1102 and 89357?
19
What is the highest common factor of 17010 and 2394?
126
Calculate the greatest common divisor of 1458 and 421929.
81
What is the highest common divisor of 2484 and 310914?
414
Calculate the greatest common divisor of 264 and 47696.
88
Calculate the highest common factor of 3321 and 368262.
369
What is the highest common factor of 166 and 62831?
83
Calculate the highest common divisor of 611 and 20813.
13
Calculate the highest common factor of 67653 and 63.
9
What is the highest common factor of 1066494 and 678?
678
Calculate the highest common factor of 471 and 13711281.
471
Calculate the highest common divisor of 72 and 18884.
4
What is the highest common divisor of 11194 and 37442?
386
What is the highest common divisor of 37178 and 1682?
58
What is the highest common divisor of 179 and 168439?
179
Calculate the highest common divisor of 728 and 2113748.
364
Calculate the greatest common divisor of 999 and 91612.
37
Calculate the greatest common divisor of 280 and 1442.
14
Calculate the highest common divisor of 14115 and 255.
15
What is the greatest common divisor of 28821 and 13?
13
What is the highest common divisor of 302062 and 266?
38
What is the greatest common factor of 5892 and 36?
12
Calculate the greatest common divisor of 7525 and 2795.
215
What is the greatest common factor of 28 and 2051?
7
Calculate the greatest common divisor of 2546 and 513.
19
Calculate the highest common factor of 179289 and 495.
99
What is the highest common divisor of 795 and 1695?
15
Calculate the highest common factor of 210418 and 884.
26
Calculate the greatest common factor of 12375 and 924.
33
Calculate the greatest common divisor of 162 and 4449492.
162
Calculate the highest common divisor of 2508790 and 820.
410
Calculate the greatest common factor of 22926 and 12.
6
What is the greatest common divisor of 229815 and 45?
45
Calculate the highest common factor of 423 and 25497.
9
Calculate the highest common divisor of 162 and 61641.
81
Calculate the highest common divisor of 2780 and 33610.
10
Calculate the greatest common divisor of 10475 and 24302.
419
Calculate the greatest common divisor of 448734 and 1056.
66
Calculate the highest common factor of 33 and 387497.
11
Calculate the greatest common factor of 1386 and 9891.
63
Calculate the greatest common factor of 10 and 27410.
10
What is the highest common factor of 492 and 9474?
6
What is the highest common factor of 4082051 and 97?
97
What is the greatest common factor of 40 and 35696?
8
Calculate the greatest common divisor of 1566 and 4050.
54
What is the greatest common divisor of 145 and 75835?
145
What is the greatest common divisor of 5720 and 119405?
715
What is the highest common divisor of 18045 and 45?
45
Calculate the greatest common divisor of 74601 and 3726.
81
Calculate the greatest common factor of 60 and 214770.
30
What is the greatest common divisor of 1404 and 500500?
52
What is the highest common divisor of 27444 and 12?
12
What is the greatest common divisor of 132431 and 334?
167
What is the greatest common divisor of 76 and 789317?
19
Calculate the greatest common divisor of 91 and 191607.
13
What is the highest common factor of 54 and 3776679?
27
Calculate the highest common factor of 474150 and 14.
2
Calculate the greatest common factor of 26620 and 440.
220
What is the greatest common divisor of 1407 and 199941?
21
Calculate the highest common divisor of 628 and 11461.
157
Calculate the highest common divisor of 851 and 335018.
23
Calculate the greatest common factor of 26 and 215241.
13
Calculate the highest common divisor of 16 and 470.
2
Calculate the highest common divisor of 2376 and 353727.
297
Calculate the greatest common factor of 13041 and 405.
81
What is the greatest common factor of 2460 and 20?
20
Calculate the greatest common factor of 5661 and 4437.
153
Calculate the greatest common divisor of 12 and 1030044.
12
What is the greatest common factor of 31230 and 3690?
90
Calculate the highest common factor of 29440 and 72220.
460
What is the greatest common factor of 448063 and